{"id":14,"date":"2020-05-01T18:29:42","date_gmt":"2020-05-01T16:29:42","guid":{"rendered":"https:\/\/www.sondermann-marketing.de\/kunden\/stephanuswerkstatt\/?page_id=14"},"modified":"2023-08-11T08:54:09","modified_gmt":"2023-08-11T06:54:09","slug":"ueber-uns","status":"publish","type":"page","link":"https:\/\/diakonie-lahn-dill.de\/wfbm\/ueber-uns\/","title":{"rendered":"Wir \u00fcber uns"},"content":{"rendered":"<div class=\"wpb-content-wrapper\"><p>[vc_row][vc_column][vc_single_image image=&#8220;410&#8243; img_size=&#8220;full&#8220; alignment=&#8220;center&#8220;][\/vc_column][\/vc_row][vc_row][vc_column][vc_column_text]<\/p>\n<h2 class=\"blau\">Stephanus Werkstatt &#8211; Zusammen arbeiten<\/h2>\n<p>[\/vc_column_text][vc_column_text]Die Stephanus Werkstatt ist eine Einrichtung zur beruflichen Rehabilitation psychisch erkrankter Menschen und wurde im Jahre 1999 er\u00f6ffnet. Tr\u00e4ger ist die <a href=\"https:\/\/diakonie-lahn-dill.de\" target=\"_blank\" rel=\"noopener noreferrer\">Diakonie Lahn Dill e.V.<\/a> mit Sitz in Wetzlar.<\/p>\n<p>An den Standorten Wetzlar (120 Pl\u00e4tze) und Weilburg (30 Pl\u00e4tze) bieten wir vielf\u00e4ltige Arbeits- und Besch\u00e4ftigungsm\u00f6glichkeiten in den Bereichen Montage, Hauswirtschaft, Druckerei und B\u00fcrodienstleistungen an.<\/p>\n<p>Wir verstehen uns als professioneller Begleiter f\u00fcr Menschen mit psychischen Erkrankungen, um die Teilhabe am Arbeitsleben zu erm\u00f6glichen. Dabei ist uns ein Umgang auf Augenh\u00f6he und die Achtung der Selbstbestimmung eines jedes Einzelnen besonders wichtig.<\/p>\n<p>Gegen\u00fcber unseren Kunden aus Wirtschaft, Industrie, Vereinen, Kirchengemeinden sowie privaten Kunden verstehen wir uns als kompetenter Kooperationspartner. Freundliche Beratung und eine qualitativ hochwertige Auftragsabwicklung stehen dabei im Vordergrund.[\/vc_column_text][\/vc_column][\/vc_row][vc_row][vc_column][vc_empty_space][\/vc_column][\/vc_row][vc_row][vc_column][vc_column_text]<\/p>\n<h2 class=\"blau\">Diakonie Lahn Dill \u2013 Stark f\u00fcr Andere<\/h2>\n<p>[\/vc_column_text][vc_column_text]Seit dem 01.01.2017 setzt der Verein \u201e<a href=\"https:\/\/diakonie-lahn-dill.de\/\" target=\"_blank\" rel=\"noopener noreferrer\">Diakonie Lahn Dill e.V.<\/a>\u201c die Arbeit des Stephanus Werks e.V., des Kirchenkreisverbandes \u201cDiakonisches Werk der Ev. Kirchenkreise Braunfels und Wetzlar\u201c und des Vereins f\u00fcr ev. Diakonie e.V. (Betreuungsverein) fort. Auf der Grundlage einer Satzungsneufassung des Stephanus Werks e.V. finden sich die bislang drei formal selbstst\u00e4ndigen Tr\u00e4ger im Zuge von Betriebs\u00fcberg\u00e4ngen und Verschmelzungen in dem neuen Verein wieder. Die Diakonie Lahn Dill e.V. handelt im Auftrag der Ev. Kirche im Rheinland als kirchlicher Wohlfahrtsverband, ist Mitglied im Spitzenverband der Freien Wohlfahrtspflege \u201cDiakonisches Werk Rheinland Westfalen Lippe e.V.\u201c und vom Regierungspr\u00e4sidium Gie\u00dfen anerkannter Betreuungsverein gem. \u00a7\u00a7 1908 ff BGB.<\/p>\n<p>Der Gesch\u00e4ftssitz sowie alle Kontaktdaten bleiben unver\u00e4ndert. Auch gehen vertragliche Verpflichtungen des jeweils einzelnen Tr\u00e4gers auf den Verein \u201eDiakonie Lahn Dill e.V.\u201c \u00fcber. Die Gesch\u00e4ftsstelle befindet sich wie bislang in der Langgasse 3 in 35576 Wetzlar. Die Diakonie Lahn Dill wird als eingetragener Verein vom bisherigen hauptamtlichen Vorstand des Stephanus Werks, Mathias Rau, in dieser Funktion weiterhin gef\u00fchrt. Die Angebote und Einrichtungen werden uneingeschr\u00e4nkt fortgef\u00fchrt.<\/p>\n<p>In den unterschiedlichen Angeboten unseres Werkes wollen wir N\u00e4he und Vertrauen schaffen \u2013 das ist unsere Kompetenz, Hilfe zur Selbsthilfe \u2013 unser Ziel. So ist im Laufe der Zeit eine breite Palette sozialer Hilfsangebote entstanden. Mehr als 100 hauptamtlich Mitarbeitende sind in unterschiedlichen Angeboten und Einrichtungen der Eingliederungshilfe f\u00fcr Menschen mit psychischer Erkrankung, der Lebens- und Sozialberatung, der Frauen-und Familienberatung, der Migrantenberatung, der Gemeinwesenarbeit, im ambulanten Hospizdienst sowie als rechtliche Betreuer\/innen t\u00e4tig.<\/p>\n<p>Die Rahmenbedingungen unserer Arbeit ver\u00e4ndern sich st\u00e4ndig und Probleme fordern Menschen, die sich an uns wenden, in immer neuer Weise heraus. In unserer Gesellschaft verst\u00e4rken sich die sozialen Unterschiede, die Schere zwischen Armen und Reichen klafft immer weiter auseinander. Die Anforderungen, gefl\u00fcchtete Menschen bei ihren Integrationsbem\u00fchungen zu unterst\u00fctzen, steigen. Um darauf angemessen und l\u00f6sungsorientiert zu reagieren, schulen wir unsere Mitarbeitenden kontinuierlich und vernetzen uns mit anderen Partnern. Bei unseren Projekten handeln wir im Verbund mit anderen Akteuren in unserer Gesellschaft und treten daf\u00fcr ein, dass die W\u00fcrde jedes Einzelnen geachtet und gesch\u00fctzt wird.[\/vc_column_text][\/vc_column][\/vc_row][vc_row][vc_column][vc_empty_space][\/vc_column][\/vc_row][vc_row][vc_column width=&#8220;1\/3&#8243;][vc_single_image image=&#8220;321&#8243; img_size=&#8220;full&#8220; alignment=&#8220;center&#8220; onclick=&#8220;custom_link&#8220; link=&#8220;\/wfbm\/ueber-uns\/historie&#8220;][vc_column_text css=&#8220;.vc_custom_1622620644536{margin-top: -20px !important;}&#8220;]<\/p>\n<p style=\"text-align: center;\"><a href=\"https:\/\/diakonie-lahn-dill.de\/wfbm\/ueber-uns\/historie\/\"><strong>Historie<\/strong><\/a><\/p>\n<p>[\/vc_column_text][vc_empty_space][\/vc_column][vc_column width=&#8220;1\/3&#8243;][vc_single_image image=&#8220;327&#8243; img_size=&#8220;full&#8220; alignment=&#8220;center&#8220; onclick=&#8220;custom_link&#8220; link=&#8220;\/wfbm\/ueber-uns\/leitbild&#8220;][vc_column_text css=&#8220;.vc_custom_1622620656542{margin-top: -20px !important;}&#8220;]<\/p>\n<p style=\"text-align: center;\"><a href=\"https:\/\/diakonie-lahn-dill.de\/wfbm\/ueber-uns\/leitbild\/\"><strong>Leitbild<\/strong><\/a><\/p>\n<p>[\/vc_column_text][vc_empty_space][\/vc_column][vc_column width=&#8220;1\/3&#8243;][vc_single_image image=&#8220;333&#8243; img_size=&#8220;full&#8220; alignment=&#8220;center&#8220; onclick=&#8220;custom_link&#8220; link=&#8220;\/wfbm\/ueber-uns\/qualitaetspolitik&#8220;][vc_column_text css=&#8220;.vc_custom_1622620666679{margin-top: -20px !important;}&#8220;]<\/p>\n<p style=\"text-align: center;\"><a href=\"https:\/\/diakonie-lahn-dill.de\/wfbm\/ueber-uns\/qualitaetspolitik\/\"><strong>Qualit\u00e4tspolitik<\/strong><\/a><\/p>\n<p>[\/vc_column_text][vc_empty_space][\/vc_column][\/vc_row]<\/p>\n<\/div>","protected":false},"excerpt":{"rendered":"<p>[vc_row][vc_column][vc_single_image image=&#8220;410&#8243; img_size=&#8220;full&#8220; alignment=&#8220;center&#8220;][\/vc_column][\/vc_row][vc_row][vc_column][vc_column_text] Stephanus Werkstatt &#8211; Zusammen arbeiten [\/vc_column_text][vc_column_text]Die Stephanus Werkstatt ist eine Einrichtung zur beruflichen Rehabilitation psychisch erkrankter Menschen und wurde im Jahre 1999 er\u00f6ffnet. Tr\u00e4ger ist die Diakonie Lahn Dill e.V. mit Sitz in Wetzlar. An den Standorten Wetzlar (120 Pl\u00e4tze) und Weilburg (30 Pl\u00e4tze) bieten wir vielf\u00e4ltige Arbeits- und Besch\u00e4ftigungsm\u00f6glichkeiten in&hellip;<\/p>\n","protected":false},"author":1,"featured_media":0,"parent":0,"menu_order":10,"comment_status":"closed","ping_status":"closed","template":"","meta":{"footnotes":""},"class_list":["post-14","page","type-page","status-publish","hentry","description-off"],"publishpress_future_action":{"enabled":false,"date":"2026-04-20 16:06:15","action":"change-status","newStatus":"draft","terms":[],"taxonomy":"","extraData":[]},"publishpress_future_workflow_manual_trigger":{"enabledWorkflows":[]},"_links":{"self":[{"href":"https:\/\/diakonie-lahn-dill.de\/wfbm\/wp-json\/wp\/v2\/pages\/14","targetHints":{"allow":["GET"]}}],"collection":[{"href":"https:\/\/diakonie-lahn-dill.de\/wfbm\/wp-json\/wp\/v2\/pages"}],"about":[{"href":"https:\/\/diakonie-lahn-dill.de\/wfbm\/wp-json\/wp\/v2\/types\/page"}],"author":[{"embeddable":true,"href":"https:\/\/diakonie-lahn-dill.de\/wfbm\/wp-json\/wp\/v2\/users\/1"}],"replies":[{"embeddable":true,"href":"https:\/\/diakonie-lahn-dill.de\/wfbm\/wp-json\/wp\/v2\/comments?post=14"}],"version-history":[{"count":7,"href":"https:\/\/diakonie-lahn-dill.de\/wfbm\/wp-json\/wp\/v2\/pages\/14\/revisions"}],"predecessor-version":[{"id":558,"href":"https:\/\/diakonie-lahn-dill.de\/wfbm\/wp-json\/wp\/v2\/pages\/14\/revisions\/558"}],"wp:attachment":[{"href":"https:\/\/diakonie-lahn-dill.de\/wfbm\/wp-json\/wp\/v2\/media?parent=14"}],"curies":[{"name":"wp","href":"https:\/\/api.w.org\/{rel}","templated":true}]}}