{"id":150,"date":"2020-05-02T15:57:00","date_gmt":"2020-05-02T13:57:00","guid":{"rendered":"https:\/\/www.sondermann-marketing.de\/kunden\/stephanuswerkstatt\/?page_id=150"},"modified":"2024-10-24T14:32:55","modified_gmt":"2024-10-24T12:32:55","slug":"textil-und-werbedruck","status":"publish","type":"page","link":"https:\/\/diakonie-lahn-dill.de\/wfbm\/angebote-fuer-geschaefts-und-privatkunden\/textil-und-werbedruck\/","title":{"rendered":"Werbetechnik"},"content":{"rendered":"<div class=\"wpb-content-wrapper\"><p>[vc_row][vc_column][vc_column_text css=&#8220;.vc_custom_1588425894891{padding-top: 5px !important;padding-right: 5px !important;padding-bottom: 5px !important;padding-left: 5px !important;}&#8220;]<\/p>\n<h2>Was wir tun k\u00f6nnen<\/h2>\n<p>[\/vc_column_text][\/vc_column][\/vc_row][vc_row][vc_column width=&#8220;2\/3&#8243;][vc_column_text css=&#8220;.vc_custom_1681915572863{padding-top: 5px !important;padding-right: 5px !important;padding-bottom: 5px !important;padding-left: 5px !important;}&#8220;]Unsere Werbetechnik bietet durch die Erweiterung der technischen Ausstattung nun ein noch breiteres Spektrum an Gestaltungsm\u00f6glichkeiten.<\/p>\n<p>Dazu geh\u00f6ren Besticken, Flex-, Flock- oder Fotodruck auf verschiedene Textilien, wie z.B. T-Shirts, Trikots, Trainingsanz\u00fcge oder Arbeitsbekleidung.<\/p>\n<p>Mit Druckverfahren wie UV-Direktdruck oder Sublimationsdruck k\u00f6nnen wir verschiedene Werbeartikel wie Tassen, Zollst\u00f6cke, Feuerzeuge, Kulis, Mousepads usw. individuell mit Ihrem Logo bedrucken. Aufkleber und Patches sind ebenfalls m\u00f6glich.<\/p>\n<p>Die Beschriftung von Schaufenstern und Fahrzeugen erg\u00e4nzt neben der Herstellung von Werbe- und Hinweisschildern unsere Angebotspalette.<\/p>\n<p>Gerne beraten wir Sie und erstellen Ihnen ein individuelles Angebot.[\/vc_column_text][vc_empty_space][\/vc_column][vc_column width=&#8220;1\/3&#8243;][vc_row_inner][vc_column_inner width=&#8220;1\/2&#8243;][vc_single_image image=&#8220;153&#8243; img_size=&#8220;full&#8220; onclick=&#8220;link_image&#8220;][\/vc_column_inner][vc_column_inner width=&#8220;1\/2&#8243;][vc_single_image image=&#8220;151&#8243; img_size=&#8220;full&#8220; onclick=&#8220;link_image&#8220;][\/vc_column_inner][\/vc_row_inner][vc_empty_space][\/vc_column][\/vc_row][vc_row][vc_column][vc_column_text css=&#8220;.vc_custom_1588426107692{padding-top: 5px !important;padding-right: 5px !important;padding-bottom: 5px !important;padding-left: 5px !important;}&#8220;]<\/p>\n<h2>Wer Ihnen hilft<\/h2>\n<p>[\/vc_column_text][vc_column_text css=&#8220;.vc_custom_1588427475983{padding-top: 5px !important;padding-right: 5px !important;padding-bottom: 5px !important;padding-left: 5px !important;}&#8220;]Unser sachkundiges Personal stellt den angemessenen Umgang mit Materialien und der technischen Ausstattung sicher. Mit kreativen Ideen unterst\u00fctzt es Kunden bei der Realisierung ihrer Vorstellungen.[\/vc_column_text][vc_empty_space][\/vc_column][\/vc_row][vc_row][vc_column width=&#8220;2\/3&#8243;][vc_column_text css=&#8220;.vc_custom_1729773171348{padding-top: 5px !important;padding-right: 5px !important;padding-bottom: 5px !important;padding-left: 5px !important;}&#8220;]<\/p>\n<h2>Schwerpunkte der Werbetechnik:<\/h2>\n<ul>\n<li>Layout und grafische Gestaltung<\/li>\n<li>Veredelung von Textilien<\/li>\n<li>Bedrucken von Werbematerialien und Give Aways<\/li>\n<li>Beschriftungen von Fahrzeugen und Werbeschildern<\/li>\n<li>Foliendruck f\u00fcr den Innen- und Au\u00dfenbereich<\/li>\n<\/ul>\n<p>[\/vc_column_text][vc_empty_space][\/vc_column][vc_column width=&#8220;1\/3&#8243;][vc_column_text]<\/p>\n<h2>Ansprechpartner:<\/h2>\n<ul>\n<li>Steffen Hemann<br \/>\nTelefon: 06441 9013-300<br \/>\nE-Mail: <a href=\"m&#97;&#x69;&#x6c;t&#111;&#x3a;&#x77;e&#114;&#98;&#x65;&#x74;e&#99;&#x68;&#x6e;i&#107;&#x40;&#x64;i&#97;&#107;&#x6f;&#x6e;i&#101;&#x2d;&#x6c;a&#104;&#x6e;&#x2d;d&#105;&#108;&#x6c;&#x2e;d&#101;\">&#x77;&#x65;&#x72;&#x62;&#101;&#116;&#101;ch&#x6e;&#x69;&#x6b;&#x40;&#x64;&#105;&#97;&#107;on&#x69;&#x65;&#x2d;&#x6c;&#x61;&#104;&#110;&#45;di&#x6c;&#x6c;&#x2e;&#x64;&#x65;<\/a><\/li>\n<\/ul>\n<p>[\/vc_column_text][vc_empty_space][\/vc_column][\/vc_row][vc_row][vc_column width=&#8220;1\/3&#8243;][\/vc_column][vc_column width=&#8220;1\/3&#8243;][vc_empty_space][vc_btn title=&#8220;zur\u00fcck zur \u00dcbersicht&#8220; style=&#8220;outline&#8220; shape=&#8220;square&#8220; color=&#8220;black&#8220; align=&#8220;center&#8220; i_icon_fontawesome=&#8220;fas fa-reply-all&#8220; add_icon=&#8220;true&#8220; link=&#8220;url:https%3A%2F%2Fdiakonie-lahn-dill.de%2Fwfbm%2Fangebote-fuer-geschaefts-und-privatkunden%2F|title:zur%C3%BCck%20zur%20%C3%9Cbersicht&#8220;][\/vc_column][vc_column width=&#8220;1\/3&#8243;][\/vc_column][\/vc_row]<\/p>\n<\/div>","protected":false},"excerpt":{"rendered":"<p>[vc_row][vc_column][vc_column_text css=&#8220;.vc_custom_1588425894891{padding-top: 5px !important;padding-right: 5px !important;padding-bottom: 5px !important;padding-left: 5px !important;}&#8220;] Was wir tun k\u00f6nnen [\/vc_column_text][\/vc_column][\/vc_row][vc_row][vc_column width=&#8220;2\/3&#8243;][vc_column_text css=&#8220;.vc_custom_1681915572863{padding-top: 5px !important;padding-right: 5px !important;padding-bottom: 5px !important;padding-left: 5px !important;}&#8220;]Unsere Werbetechnik bietet durch die Erweiterung der technischen Ausstattung nun ein noch breiteres Spektrum an Gestaltungsm\u00f6glichkeiten. Dazu geh\u00f6ren Besticken, Flex-, Flock- oder Fotodruck auf verschiedene Textilien, wie z.B. T-Shirts, Trikots, Trainingsanz\u00fcge&hellip;<\/p>\n","protected":false},"author":1,"featured_media":0,"parent":87,"menu_order":20,"comment_status":"closed","ping_status":"closed","template":"","meta":{"footnotes":""},"class_list":["post-150","page","type-page","status-publish","hentry","description-off"],"publishpress_future_action":{"enabled":false,"date":"2026-04-20 19:31:17","action":"change-status","newStatus":"draft","terms":[],"taxonomy":"","extraData":[]},"publishpress_future_workflow_manual_trigger":{"enabledWorkflows":[]},"_links":{"self":[{"href":"https:\/\/diakonie-lahn-dill.de\/wfbm\/wp-json\/wp\/v2\/pages\/150","targetHints":{"allow":["GET"]}}],"collection":[{"href":"https:\/\/diakonie-lahn-dill.de\/wfbm\/wp-json\/wp\/v2\/pages"}],"about":[{"href":"https:\/\/diakonie-lahn-dill.de\/wfbm\/wp-json\/wp\/v2\/types\/page"}],"author":[{"embeddable":true,"href":"https:\/\/diakonie-lahn-dill.de\/wfbm\/wp-json\/wp\/v2\/users\/1"}],"replies":[{"embeddable":true,"href":"https:\/\/diakonie-lahn-dill.de\/wfbm\/wp-json\/wp\/v2\/comments?post=150"}],"version-history":[{"count":7,"href":"https:\/\/diakonie-lahn-dill.de\/wfbm\/wp-json\/wp\/v2\/pages\/150\/revisions"}],"predecessor-version":[{"id":641,"href":"https:\/\/diakonie-lahn-dill.de\/wfbm\/wp-json\/wp\/v2\/pages\/150\/revisions\/641"}],"up":[{"embeddable":true,"href":"https:\/\/diakonie-lahn-dill.de\/wfbm\/wp-json\/wp\/v2\/pages\/87"}],"wp:attachment":[{"href":"https:\/\/diakonie-lahn-dill.de\/wfbm\/wp-json\/wp\/v2\/media?parent=150"}],"curies":[{"name":"wp","href":"https:\/\/api.w.org\/{rel}","templated":true}]}}