{"id":9,"date":"2020-05-01T18:25:00","date_gmt":"2020-05-01T16:25:00","guid":{"rendered":"https:\/\/www.sondermann-marketing.de\/kunden\/stephanuswerkstatt\/?page_id=9"},"modified":"2022-04-29T15:49:52","modified_gmt":"2022-04-29T13:49:52","slug":"impressum","status":"publish","type":"page","link":"https:\/\/diakonie-lahn-dill.de\/wfbm\/impressum\/","title":{"rendered":"Impressum"},"content":{"rendered":"<div class=\"wpb-content-wrapper\"><p>[vc_row][vc_column][vc_column_text]<\/p>\n<h2 class=\"blau\"><em>F\u00fcr das vorliegende Angebot ist verantwortlich:<\/em><\/h2>\n<p>[\/vc_column_text][\/vc_column][\/vc_row][vc_row][vc_column width=&#8220;1\/3&#8243;][vc_column_text]Diakonie Lahn Dill e.V.<br \/>\nGesch\u00e4ftsstelle<br \/>\nLanggasse 3<br \/>\n35576 Wetzlar<\/p>\n<p><strong>Telefon:<\/strong> 06441 9013-0<br \/>\n<strong>Fax:<\/strong> 06441 9013-111<br \/>\n<strong>E-Mail:<\/strong> &#x69;&#x6e;&#102;&#111;&#64;&#x64;&#x69;&#x61;&#107;&#111;n&#x69;&#x65;&#x2d;&#108;&#97;h&#x6e;&#x2d;&#x64;&#105;&#108;l&#x2e;&#x64;&#x65;<\/p>\n<p><strong>Inhaltlich verantwortlich gem. \u00a7 6 MDStV:<\/strong><br \/>\nMathias Rau (Vorstand)[\/vc_column_text][\/vc_column][vc_column width=&#8220;1\/3&#8243;][vc_column_text]<strong>Registergericht:<\/strong><br \/>\nAmtsgericht Wetzlar<\/p>\n<p><strong>Registernummer:<\/strong><br \/>\nDiakonie Lahn Dill: VR 1218 (Wetzlar)<\/p>\n<p><strong>Umsatzsteuer-Identifikationsnummer gem. \u00a7 27a UstG:<\/strong><br \/>\nDiakonie Lahn Dill: 039-250-51251-K01 (FA-Wetzlar)[\/vc_column_text][\/vc_column][vc_column width=&#8220;1\/3&#8243;][vc_column_text]<strong>Vorstand:<\/strong><br \/>\nMathias Rau<br \/>\nAndreas Henrich<\/p>\n<p><strong>Aufsichtsrat:<\/strong><br \/>\nPfr. Dr. Hartmut Sitzler (<em>Vorsitzender<\/em>)<br \/>\nKarl M\u00fc\u00dfener (<em>Stellv. Vorsitzender<\/em>)<br \/>\nRolf Bastian<br \/>\nPfr. Marcus Brenzinger<br \/>\nMarion Giersbach-Schmidt<br \/>\nSusanne Wirtz[\/vc_column_text][\/vc_column][\/vc_row][vc_row][vc_column][vc_empty_space][vc_separator color=&#8220;custom&#8220; accent_color=&#8220;#1c628f&#8220;][vc_empty_space][\/vc_column][\/vc_row][vc_row][vc_column][vc_column_text]<\/p>\n<h2 class=\"blau\"><em>Haftungshinweis:<\/em><\/h2>\n<p>[\/vc_column_text][vc_column_text]Die &#8222;Diakonie Lahn Dill e.V.&#8220; als Betreiber des Online-Auftrittes \u00fcbernimmt keinerlei Gew\u00e4hr f\u00fcr die Aktualit\u00e4t, Korrektheit, Vollst\u00e4ndigkeit oder Qualit\u00e4t der bereitgestellten Informationen sowie der Verf\u00fcgbarkeit der Dienste und haftet auch nicht f\u00fcr Folgesch\u00e4den, die auf einer Nutzung des Angebotes beruhen. Die Auswahl der Angebote erhebt auch keinen Anspruch auf absolute Vollst\u00e4ndigkeit! Irrt\u00fcmer bei der Bewertung und Fehler bei Satz und Programmierung vorbehalten. Alle Angebote sind freibleibend und unverbindlich. Haftungsanspr\u00fcche gegen die Agentur, welche sich auf Sch\u00e4den materieller oder ideeller Art beziehen, die durch die Nutzung der dargebotenen Informationen verursacht wurden, sind grunds\u00e4tzlich ausgeschlossen. Soweit ein Haftungsausschluss nicht in Betracht kommt, haften die Betreiber lediglich f\u00fcr grobe Fahrl\u00e4ssigkeit und Vorsatz. Als Dienstanbieter sind wir gem\u00e4\u00df \u00a7 6 Abs.1 MDStV und \u00a7 8 Abs.1\u00a0TDG\u00a0f\u00fcr eigene Inhalte auf diesen Seiten nach den allgemeinen Gesetzen verantwortlich. Dienstleistungsanbieter sind jedoch nicht verpflichtet, die von ihnen \u00fcbermittelten oder gespeicherten fremden Informationen zu \u00fcberwachen oder nach Umst\u00e4nden zu forschen, die auf eine rechtswidrige T\u00e4tigkeit hinweisen. Verpflichtungen zur Entfernung oder Sperrung der Nutzung von Informationen nach den allgemeinen Gesetzen bleiben hiervon unber\u00fchrt. Eine diesbez\u00fcgliche Haftung ist jedoch erst ab dem Zeitpunkt der Kenntnis einer konkreten Rechtsverletzung m\u00f6glich. Bei Bekanntwerden entsprechender Rechtsverletzungen werden wir die betreffenden Inhalte umgehend entfernen.[\/vc_column_text][\/vc_column][\/vc_row][vc_row][vc_column][vc_empty_space][vc_separator color=&#8220;custom&#8220; accent_color=&#8220;#1c628f&#8220;][vc_empty_space][\/vc_column][\/vc_row][vc_row][vc_column][vc_column_text]<\/p>\n<h2 class=\"blau\"><em>Urheberrecht:<\/em><\/h2>\n<p>[\/vc_column_text][vc_column_text]Alle Inhalte (insb. Bilder und Grafiken) unterliegen dem Urheberrechtsschutz. Die &#8222;Diakonie Lahn Dill e.V.&#8220; als Betreiber der Seite ist bem\u00fcht, stets die Urheberrechte anderer zu beachten bzw. auf selbst erstellte sowie lizenzfreie Werke zur\u00fcckzugreifen. Sollte uns dies dennoch nicht vollst\u00e4ndig gelungen sein, m\u00f6chten wir den betroffenen Rechteinhaber bitten, sich mit uns in Verbindung zu setzen. Wir werden uns umgehend um eine korrekte Regelung bem\u00fchen. Produkt- und Firmennamen sind Marken der jeweiligen Eigent\u00fcmer und werden auf diesen Seiten ausschlie\u00dflich zu Informationszwecken eingesetzt. Beitr\u00e4ge Dritter sind als solche gekennzeichnet. Die Vervielf\u00e4ltigung, Bearbeitung, Verbreitung und jede Art der Verwertung au\u00dferhalb der Grenzen des Urheberrechtes bed\u00fcrfen der schriftlichen Zustimmung des jeweiligen Autors bzw. Erstellers. Downloads und Kopien dieser Seite sind nur f\u00fcr den privaten, nicht kommerziellen Gebrauch gestattet. Jede Kopie von Inhalten dieser Seite oder eines Teils davon m\u00fcssen eine urheberrechtliche Erkl\u00e4rung und das urheberrechtliche Schutzzeichen des Betreibers enthalten. Inhalte dieser Seite oder Teile davon d\u00fcrfen nicht ohne schriftliche Zustimmung des Betreibers ver\u00e4ndert werden. Der Betreiber beh\u00e4lt sich das Recht vor, diese Genehmigung jederzeit zu widerrufen, und jede Nutzung muss sofort eingestellt werden, sobald eine schriftliche Bekanntmachung seitens des Betreibers ver\u00f6ffentlicht wird.<\/p>\n<p><strong>Bildnachweise:<\/strong><\/p>\n<ul>\n<li>Haus Stephanus (Fotolia 329475)<\/li>\n<li>Pretty girl (Bildnummer 307227005, Shutterstock.com)<\/li>\n<li>Print control (Bildnummer 362287727, Shutterstock.com)<\/li>\n<li>Young woman (Bildnummer 267717641, Shutterstock.com)<\/li>\n<li>Measurement (Bildnummer 666802351, Shutterstock.com)<\/li>\n<li>Four gear wheels (Bildnummer 1028168668-1, Shutterstock.com)<\/li>\n<li>Sad woman becomes happy (Bildnummer 1561834507, Shutterstock.com)<\/li>\n<li>Young man working (Bildnummer 198871643, Shutterstock.com)<\/li>\n<li>Caregiver disabled woman on pc (Bildnummer 567790435, Shutterstock.com)<\/li>\n<li>Talk businessman and young woman (Bildnummer 1543923224, Shutterstock.com)<\/li>\n<li>ABM beardy man makes pictures (Bildnummer 1426825838, Shutterstock.com)<\/li>\n<li>Werkstattrat group psychological therapy session (Bildnummer 1770073670, Shutterstock.com)<\/li>\n<li>Frauenbeauftragte mentor teacher talks to female colleague (Bildnummer 1443633212, Shutterstock.com)<\/li>\n<li>Worker dragging forklift (Bildnummer 784323808, Shutterstock.com)<\/li>\n<li>People helping each other on mountain (Bildnummer 582394888, Shutterstock.com)<\/li>\n<\/ul>\n<p>[\/vc_column_text][\/vc_column][\/vc_row][vc_row][vc_column][vc_empty_space][vc_separator color=&#8220;custom&#8220; accent_color=&#8220;#1c628f&#8220;][vc_empty_space][\/vc_column][\/vc_row][vc_row][vc_column][vc_column_text]<\/p>\n<h2 class=\"blau\"><em>Redaktion, Konzept:<\/em><\/h2>\n<p>[\/vc_column_text][vc_column_text]Benjamin Roth (Werkstattleiter), Andr\u00e9 Discher, Bodo Slokker, Daniela Tataryan, Elke Schwarz<\/p>\n<div class=\"widget-title\"><strong>Gender-Klausel:<\/strong> Die weibliche Form ist auf diesen Seiten der m\u00e4nnlichen gleichgestellt. Aus Gr\u00fcnden der Lesbarkeit wird jedoch die m\u00e4nnliche Form verwendet.<\/div>\n<p>[\/vc_column_text][\/vc_column][\/vc_row][vc_row][vc_column][vc_empty_space][vc_separator color=&#8220;custom&#8220; accent_color=&#8220;#1c628f&#8220;][vc_empty_space][\/vc_column][\/vc_row][vc_row][vc_column][vc_column_text]<\/p>\n<h2 class=\"blau\"><em>Screendesign, Programmierung:<\/em><\/h2>\n<p>[\/vc_column_text][vc_column_text]<a href=\"https:\/\/www.sondermann-marketing.de\/\" target=\"_blank\" rel=\"noopener noreferrer\">MCP\u00a0Sondermann Marketing GmbH<\/a>, L\u00f6hnberg[\/vc_column_text][\/vc_column][\/vc_row]<\/p>\n<\/div>","protected":false},"excerpt":{"rendered":"<p>[vc_row][vc_column][vc_column_text] F\u00fcr das vorliegende Angebot ist verantwortlich: [\/vc_column_text][\/vc_column][\/vc_row][vc_row][vc_column width=&#8220;1\/3&#8243;][vc_column_text]Diakonie Lahn Dill e.V. Gesch\u00e4ftsstelle Langgasse 3 35576 Wetzlar Telefon: 06441 9013-0 Fax: 06441 9013-111 E-Mail: &#105;&#x6e;&#x66;&#111;&#x40;&#x64;i&#x61;&#x6b;o&#110;&#x69;e&#45;&#x6c;a&#104;&#x6e;-&#100;&#x69;l&#108;&#x2e;&#x64;&#101; Inhaltlich verantwortlich gem. \u00a7 6 MDStV: Mathias Rau (Vorstand)[\/vc_column_text][\/vc_column][vc_column width=&#8220;1\/3&#8243;][vc_column_text]Registergericht: Amtsgericht Wetzlar Registernummer: Diakonie Lahn Dill: VR 1218 (Wetzlar) Umsatzsteuer-Identifikationsnummer gem. \u00a7 27a UstG: Diakonie Lahn Dill: 039-250-51251-K01 (FA-Wetzlar)[\/vc_column_text][\/vc_column][vc_column width=&#8220;1\/3&#8243;][vc_column_text]Vorstand:&hellip;<\/p>\n","protected":false},"author":1,"featured_media":0,"parent":0,"menu_order":70,"comment_status":"closed","ping_status":"closed","template":"","meta":{"footnotes":""},"class_list":["post-9","page","type-page","status-publish","hentry","description-off"],"publishpress_future_action":{"enabled":false,"date":"2026-05-07 04:59:24","action":"change-status","newStatus":"draft","terms":[],"taxonomy":"","extraData":[]},"publishpress_future_workflow_manual_trigger":{"enabledWorkflows":[]},"_links":{"self":[{"href":"https:\/\/diakonie-lahn-dill.de\/wfbm\/wp-json\/wp\/v2\/pages\/9","targetHints":{"allow":["GET"]}}],"collection":[{"href":"https:\/\/diakonie-lahn-dill.de\/wfbm\/wp-json\/wp\/v2\/pages"}],"about":[{"href":"https:\/\/diakonie-lahn-dill.de\/wfbm\/wp-json\/wp\/v2\/types\/page"}],"author":[{"embeddable":true,"href":"https:\/\/diakonie-lahn-dill.de\/wfbm\/wp-json\/wp\/v2\/users\/1"}],"replies":[{"embeddable":true,"href":"https:\/\/diakonie-lahn-dill.de\/wfbm\/wp-json\/wp\/v2\/comments?post=9"}],"version-history":[{"count":3,"href":"https:\/\/diakonie-lahn-dill.de\/wfbm\/wp-json\/wp\/v2\/pages\/9\/revisions"}],"predecessor-version":[{"id":490,"href":"https:\/\/diakonie-lahn-dill.de\/wfbm\/wp-json\/wp\/v2\/pages\/9\/revisions\/490"}],"wp:attachment":[{"href":"https:\/\/diakonie-lahn-dill.de\/wfbm\/wp-json\/wp\/v2\/media?parent=9"}],"curies":[{"name":"wp","href":"https:\/\/api.w.org\/{rel}","templated":true}]}}

<div class="wpb-content-wrapper"><p>[vc_row][vc_column][vc_column_text]</p>
<h2 class="blau"><em>Für das vorliegende Angebot ist verantwortlich:</em></h2>
<p>[/vc_column_text][/vc_column][/vc_row][vc_row][vc_column width=&#8220;1/3&#8243;][vc_column_text]Diakonie Lahn Dill e.V.<br />
Geschäftsstelle<br />
Langgasse 3<br />
35576 Wetzlar</p>
<p><strong>Telefon:</strong> 06441 9013-0<br />
<strong>Fax:</strong> 06441 9013-111<br />
<strong>E-Mail:</strong> &#x69;&#x6e;&#102;&#111;&#64;&#x64;&#x69;&#x61;&#107;&#111;n&#x69;&#x65;&#x2d;&#108;&#97;h&#x6e;&#x2d;&#x64;&#105;&#108;l&#x2e;&#x64;&#x65;</p>
<p><strong>Inhaltlich verantwortlich gem. § 6 MDStV:</strong><br />
Mathias Rau (Vorstand)[/vc_column_text][/vc_column][vc_column width=&#8220;1/3&#8243;][vc_column_text]<strong>Registergericht:</strong><br />
Amtsgericht Wetzlar</p>
<p><strong>Registernummer:</strong><br />
Diakonie Lahn Dill: VR 1218 (Wetzlar)</p>
<p><strong>Umsatzsteuer-Identifikationsnummer gem. § 27a UstG:</strong><br />
Diakonie Lahn Dill: 039-250-51251-K01 (FA-Wetzlar)[/vc_column_text][/vc_column][vc_column width=&#8220;1/3&#8243;][vc_column_text]<strong>Vorstand:</strong><br />
Mathias Rau<br />
Andreas Henrich</p>
<p><strong>Aufsichtsrat:</strong><br />
Pfr. Dr. Hartmut Sitzler (<em>Vorsitzender</em>)<br />
Karl Müßener (<em>Stellv. Vorsitzender</em>)<br />
Rolf Bastian<br />
Pfr. Marcus Brenzinger<br />
Marion Giersbach-Schmidt<br />
Susanne Wirtz[/vc_column_text][/vc_column][/vc_row][vc_row][vc_column][vc_empty_space][vc_separator color=&#8220;custom&#8220; accent_color=&#8220;#1c628f&#8220;][vc_empty_space][/vc_column][/vc_row][vc_row][vc_column][vc_column_text]</p>
<h2 class="blau"><em>Haftungshinweis:</em></h2>
<p>[/vc_column_text][vc_column_text]Die &#8222;Diakonie Lahn Dill e.V.&#8220; als Betreiber des Online-Auftrittes übernimmt keinerlei Gewähr für die Aktualität, Korrektheit, Vollständigkeit oder Qualität der bereitgestellten Informationen sowie der Verfügbarkeit der Dienste und haftet auch nicht für Folgeschäden, die auf einer Nutzung des Angebotes beruhen. Die Auswahl der Angebote erhebt auch keinen Anspruch auf absolute Vollständigkeit! Irrtümer bei der Bewertung und Fehler bei Satz und Programmierung vorbehalten. Alle Angebote sind freibleibend und unverbindlich. Haftungsansprüche gegen die Agentur, welche sich auf Schäden materieller oder ideeller Art beziehen, die durch die Nutzung der dargebotenen Informationen verursacht wurden, sind grundsätzlich ausgeschlossen. Soweit ein Haftungsausschluss nicht in Betracht kommt, haften die Betreiber lediglich für grobe Fahrlässigkeit und Vorsatz. Als Dienstanbieter sind wir gemäß § 6 Abs.1 MDStV und § 8 Abs.1 TDG für eigene Inhalte auf diesen Seiten nach den allgemeinen Gesetzen verantwortlich. Dienstleistungsanbieter sind jedoch nicht verpflichtet, die von ihnen übermittelten oder gespeicherten fremden Informationen zu überwachen oder nach Umständen zu forschen, die auf eine rechtswidrige Tätigkeit hinweisen. Verpflichtungen zur Entfernung oder Sperrung der Nutzung von Informationen nach den allgemeinen Gesetzen bleiben hiervon unberührt. Eine diesbezügliche Haftung ist jedoch erst ab dem Zeitpunkt der Kenntnis einer konkreten Rechtsverletzung möglich. Bei Bekanntwerden entsprechender Rechtsverletzungen werden wir die betreffenden Inhalte umgehend entfernen.[/vc_column_text][/vc_column][/vc_row][vc_row][vc_column][vc_empty_space][vc_separator color=&#8220;custom&#8220; accent_color=&#8220;#1c628f&#8220;][vc_empty_space][/vc_column][/vc_row][vc_row][vc_column][vc_column_text]</p>
<h2 class="blau"><em>Urheberrecht:</em></h2>
<p>[/vc_column_text][vc_column_text]Alle Inhalte (insb. Bilder und Grafiken) unterliegen dem Urheberrechtsschutz. Die &#8222;Diakonie Lahn Dill e.V.&#8220; als Betreiber der Seite ist bemüht, stets die Urheberrechte anderer zu beachten bzw. auf selbst erstellte sowie lizenzfreie Werke zurückzugreifen. Sollte uns dies dennoch nicht vollständig gelungen sein, möchten wir den betroffenen Rechteinhaber bitten, sich mit uns in Verbindung zu setzen. Wir werden uns umgehend um eine korrekte Regelung bemühen. Produkt- und Firmennamen sind Marken der jeweiligen Eigentümer und werden auf diesen Seiten ausschließlich zu Informationszwecken eingesetzt. Beiträge Dritter sind als solche gekennzeichnet. Die Vervielfältigung, Bearbeitung, Verbreitung und jede Art der Verwertung außerhalb der Grenzen des Urheberrechtes bedürfen der schriftlichen Zustimmung des jeweiligen Autors bzw. Erstellers. Downloads und Kopien dieser Seite sind nur für den privaten, nicht kommerziellen Gebrauch gestattet. Jede Kopie von Inhalten dieser Seite oder eines Teils davon müssen eine urheberrechtliche Erklärung und das urheberrechtliche Schutzzeichen des Betreibers enthalten. Inhalte dieser Seite oder Teile davon dürfen nicht ohne schriftliche Zustimmung des Betreibers verändert werden. Der Betreiber behält sich das Recht vor, diese Genehmigung jederzeit zu widerrufen, und jede Nutzung muss sofort eingestellt werden, sobald eine schriftliche Bekanntmachung seitens des Betreibers veröffentlicht wird.</p>
<p><strong>Bildnachweise:</strong></p>
<ul>
<li>Haus Stephanus (Fotolia 329475)</li>
<li>Pretty girl (Bildnummer 307227005, Shutterstock.com)</li>
<li>Print control (Bildnummer 362287727, Shutterstock.com)</li>
<li>Young woman (Bildnummer 267717641, Shutterstock.com)</li>
<li>Measurement (Bildnummer 666802351, Shutterstock.com)</li>
<li>Four gear wheels (Bildnummer 1028168668-1, Shutterstock.com)</li>
<li>Sad woman becomes happy (Bildnummer 1561834507, Shutterstock.com)</li>
<li>Young man working (Bildnummer 198871643, Shutterstock.com)</li>
<li>Caregiver disabled woman on pc (Bildnummer 567790435, Shutterstock.com)</li>
<li>Talk businessman and young woman (Bildnummer 1543923224, Shutterstock.com)</li>
<li>ABM beardy man makes pictures (Bildnummer 1426825838, Shutterstock.com)</li>
<li>Werkstattrat group psychological therapy session (Bildnummer 1770073670, Shutterstock.com)</li>
<li>Frauenbeauftragte mentor teacher talks to female colleague (Bildnummer 1443633212, Shutterstock.com)</li>
<li>Worker dragging forklift (Bildnummer 784323808, Shutterstock.com)</li>
<li>People helping each other on mountain (Bildnummer 582394888, Shutterstock.com)</li>
</ul>
<p>[/vc_column_text][/vc_column][/vc_row][vc_row][vc_column][vc_empty_space][vc_separator color=&#8220;custom&#8220; accent_color=&#8220;#1c628f&#8220;][vc_empty_space][/vc_column][/vc_row][vc_row][vc_column][vc_column_text]</p>
<h2 class="blau"><em>Redaktion, Konzept:</em></h2>
<p>[/vc_column_text][vc_column_text]Benjamin Roth (Werkstattleiter), André Discher, Bodo Slokker, Daniela Tataryan, Elke Schwarz</p>
<div class="widget-title"><strong>Gender-Klausel:</strong> Die weibliche Form ist auf diesen Seiten der männlichen gleichgestellt. Aus Gründen der Lesbarkeit wird jedoch die männliche Form verwendet.</div>
<p>[/vc_column_text][/vc_column][/vc_row][vc_row][vc_column][vc_empty_space][vc_separator color=&#8220;custom&#8220; accent_color=&#8220;#1c628f&#8220;][vc_empty_space][/vc_column][/vc_row][vc_row][vc_column][vc_column_text]</p>
<h2 class="blau"><em>Screendesign, Programmierung:</em></h2>
<p>[/vc_column_text][vc_column_text]<a href="https://www.sondermann-marketing.de/" target="_blank" rel="noopener noreferrer">MCP Sondermann Marketing GmbH</a>, Löhnberg[/vc_column_text][/vc_column][/vc_row]</p>
</div>

<p>[vc_row][vc_column][vc_column_text] Für das vorliegende Angebot ist verantwortlich: [/vc_column_text][/vc_column][/vc_row][vc_row][vc_column width=&#8220;1/3&#8243;][vc_column_text]Diakonie Lahn Dill e.V. Geschäftsstelle Langgasse 3 35576 Wetzlar Telefon: 06441 9013-0 Fax: 06441 9013-111 E-Mail: &#105;&#x6e;&#x66;&#111;&#x40;&#x64;i&#x61;&#x6b;o&#110;&#x69;e&#45;&#x6c;a&#104;&#x6e;-&#100;&#x69;l&#108;&#x2e;&#x64;&#101; Inhaltlich verantwortlich gem. § 6 MDStV: Mathias Rau (Vorstand)[/vc_column_text][/vc_column][vc_column width=&#8220;1/3&#8243;][vc_column_text]Registergericht: Amtsgericht Wetzlar Registernummer: Diakonie Lahn Dill: VR 1218 (Wetzlar) Umsatzsteuer-Identifikationsnummer gem. § 27a UstG: Diakonie Lahn Dill: 039-250-51251-K01 (FA-Wetzlar)[/vc_column_text][/vc_column][vc_column width=&#8220;1/3&#8243;][vc_column_text]Vorstand:&hellip;</p>
